8, -3*b - 5*s = -d. Suppose 0 = 5*y - b - 17. List the prime factors of y.
2, 5
Suppose -3*a + 51 = -21. Let t = -5 + a. Suppose -5*k + v + t - 2 = 0, 5*k + 3*v - 29 = 0. List the prime factors of k.
2
Suppose 35 = 4*r + 2*m - 1, 3*r - m - 27 = 0. What are the prime factors of r?
3
Suppose 1 = -3*y + 4. Let r be 6/3 - y - -2. What are the prime factors of 62/6 - 1/r?
2, 5
Let f = 103 + -59. List the prime factors of f.
2, 11
Let n(s) = 10*s + 1. Let i be n(4). List the prime factors of 2/2 + 4 + i.
2, 23
Suppose 4*v - 11 = 3*g + 7, 0 = -g + 4*v - 6. Let o = g - -8. Suppose -o*j = -4*j + 10. List the prime factors of j.
5
Let a(w) = w**3 - 5*w**2 + 4*w - 12. List the prime factors of a(5).
2
Let h = -11 + 5. Let j be (2*h)/(-1 + -1). Suppose -5*r = f + 2*f - 18, 0 = 3*r + 3*f - j. What are the prime factors of r?
2, 3
Let t(h) = 62*h**2 + 1. What are the prime factors of t(-2)?
3, 83
Let q(r) = -5*r - 2. What are the prime factors of q(-8)?
2, 19
Let k(i) = 17*i**2 + 3*i - 3. What are the prime factors of k(-3)?
3, 47
Let n = -3 - -10. Suppose n*t - 49 = 4*t - a, -5 = -5*a. Suppose 2*o = -0*d - d + 14, -4*d = -4*o + t. What are the prime factors of o?
2, 3
Suppose 2*u + 2*f = -10, -u - 2*u = 4*f + 20. Suppose 0 = 3*k - 2*k - 4*r + 24, 27 = -k + 5*r. List the prime factors of (u + 7)*k/(-14).
2, 3
List the prime factors of (126/(-70))/(1/(-5)).
3
Let g = 5 - 7. Let o be g - 0*1/1. List the prime factors of 6/o*(-10)/3.
2, 5
Suppose 3*s - 16 = -s. What are the prime factors of (4 - 8)*(-10)/s?
2, 5
Suppose 0 = -s - 1 - 3. List the prime factors of (-2)/s + 35/10.
2
Suppose -n - 17 = -3*a - 3*n, n - 11 = -2*a. Let p = 13 - a. Let g = p - 0. What are the prime factors of g?
2
Let b = 2 - 0. Suppose 0 = -7*n + b*n. Suppose -4*a + 2*j - 5*j + 41 = 0, 4*a + 4*j - 36 = n. List the prime factors of a.
2, 7
Let w(q) = -32*q - 25. List the prime factors of w(-5).
3, 5
Let j = -13 + 16. Let d(i) = 4*i**2 - 4*i + 1. List the prime factors of d(j).
5
Suppose 4*k = 3*s - 0*s + 22, -4*s - 13 = -3*k. Let i(z) = 2*z - 6. List the prime factors of i(k).
2
Let i = -284 - -709. What are the prime factors of i?
5, 17
Let k be (32/(-20))/(3/(-30)). Suppose -4*j = -56 - k. List the prime factors of j.
2, 3
Let k(i) = 2*i**2 - 3*i. Let b be k(4). Let o = -5 - b. Let v = 40 + o. List the prime factors of v.
3, 5
Let s(x) = -x**2 - 13*x + 31. What are the prime factors of s(-14)?
17
Let a(m) = -m**2 - 15*m - 3. Let u = -32 - -19. What are the prime factors of a(u)?
23
Suppose -3*u - 2*u = 4*z + 14, 5*u = -2*z - 12. Suppose 2*o - 5*o = -18. List the prime factors of (-3)/o*(-17 - z).
2
Let g be 1*(-5)/(2/2). Suppose -7 + 51 = -4*t. Let a = g - t. List the prime factors of a.
2, 3
Let s(p) = -p + 3. Let w be s(0). Suppose 4*c + 58 = w*t - c, -c - 5 = 0. What are the prime factors of t?
11
Let h(a) = a**2 - 5*a - 6. Suppose -4*w - 10 = x, -w - 2*w = -5*x + 42. Let m be h(x). Suppose 2*g - 6 = -m. List the prime factors of g.
3
Let g(t) = -t**2 + 9*t. Let r(d) = d**3 + 6*d**2 - 9*d - 7. Suppose -y - y = 14. Let z be r(y). What are the prime factors of g(z)?
2, 7
Let k = -11 + 42. List the prime factors of k.
31
Suppose -2*b = -6*b + 4. Suppose 2*j - 2*k + 6 = 0, -b = 3*j + k + 4. Let l = 10 + j. List the prime factors of l.
2
Let v(l) = -l**2 - 9*l + 1. Let g = 7 + -14. List the prime factors of v(g).
3, 5
List the prime factors of -8*20/(-8)*(-2)/(-4).
2, 5
Let m = -68 + 224. List the prime factors of m.
2, 3, 13
What are the prime factors of 3/(-6)*-8 + 9?
13
Suppose 0 = 5*m - 79 - 236. List the prime factors of m.
3, 7
Let l(b) = -b**3 - b**2 - b + 1. Let c(a) = -5*a**3 + 2*a**2 - 7*a + 14. Let w(y) = c(y) - 6*l(y). What are the prime factors of w(-8)?
2
Let i(d) = 2*d**2 - 4*d - 21. What are the prime factors of i(-6)?
3, 5
Let h(y) be the first derivative of 3*y**2/2 - 4*y - 1. Let j be h(4). Suppose 2*o - 1 = -5*x + 8, 0 = o - x - j. List the prime factors of o.
7
Let u(o) = o**3 - 2*o**2 + 2*o - 2. Let i be u(2). Suppose 0*l + 24 = i*l. Suppose -4*t = -2*b - 30, 5*t + 4*b = l + 19. List the prime factors of t.
7
Let l = -58 + 255. List the prime factors of l.
197
Let f(l) = -3*l**2 + 9. Let k(z) = -z**2 - 1. Let i(m) = f(m) - 2*k(m). Suppose 0*c = c + 3*q, 4*q = 2*c. List the prime factors of i(c).
11
Let w(a) = 2*a**2 - 2*a. Let q be w(-3). Let b = q - 2. List the prime factors of b.
2, 11
Let g = 42 + -27. List the prime factors of g.
3, 5
Let q(u) = -u**3 + 13*u**2 + 6*u - 21. What are the prime factors of q(12)?
3, 5, 13
Let k(p) = p - 4. Let j be k(9). Suppose l + 112 = j*l. What are the prime factors of l?
2, 7
Let m(l) = -l**3 - 6*l**2 - 5*l + 2. Let q = -4 - 1. Let x be m(q). Suppose -5*h + g = -87, -3*h = -x*h - 2*g - 21. What are the prime factors of h?
17
Let n = 12 - 2. Let z = n - 1. List the prime factors of z.
3
What are the prime factors of (-1)/1 - (0 - 4)?
3
Let z(m) = -3*m**3 - 6 + 2 + 4*m**2 + m + 2*m**3. Let n be 1/2 + 20/8. List the prime factors of z(n).
2
Let f(v) = v**3 + 5*v**2 - v. Let h be f(-5). Let y = -19 - -22. Suppose h*k = -5, 0 = y*s + 3*k - 3. List the prime factors of s.
2
Let w = 10 - -365. List the prime factors of w.
3, 5
Suppose a + 3*s + s - 12 = 0, 0 = s - 3. Suppose 0 = 3*x - a*v - v - 12, -1 = x - 2*v. What are the prime factors of x?
5
Let r(v) = -v**3 - 9*v**2 + 9*v + 15. Let g be r(-10). Let h = g - 15. List the prime factors of h.
2, 5
Let z = 0 + 4. Suppose 4*q - 24 = 2*q - 2*l, -z*q + 2*l = -30. List the prime factors of q.
3
Let g = 48 - -52. Suppose -i + g = 4*i. List the prime factors of i.
2, 5
Let m = 5 - 0. Suppose -m*r + 3 = 38. Let y(a) = a + 9. List the prime factors of y(r).
2
Let m = 78 - 26. Suppose -36 - m = -4*a. Suppose -5*n - 5*d = -3*d - 31, 2*n = -4*d + a. List the prime factors of n.
5
Suppose 0*o + o - 1 = 2*i, 20 = 4*o. Let a(r) = 2*r**2 - r**3 - 6*r**3 + i*r**3 - 1. List the prime factors of a(-1).
2, 3
Let m(v) be the first derivative of -v**4/4 + 5*v**3/3 + v**2/2 - 5*v + 1. What are the prime factors of m(4)?
3, 5
Let x = -1 - -77. What are the prime factors of x?
2, 19
Suppose -4*h = -32 - 4. Let f = 5 - h. Let a = f + 16. List the prime factors of a.
2, 3
Let h = 46 + -32. Suppose -o - 2*o - 2*j + h = 0, -4*o + 13 = -3*j. List the prime factors of o.
2
Let j(y) = 19*y + 2. What are the prime factors of j(7)?
3, 5
Let b(z) = z**3 + 5*z**2 + 3. List the prime factors of b(-5).
3
Let o = -53 - -213. What are the prime factors of o?
2, 5
Let m be 6 - 128 - -1*2. What are the prime factors of m/(-9)*(-12)/(-10)?
2
Let m = 1 - -1. Suppose -5*d = -m*d. List the prime factors of 12 + d + 1 + -2.
11
Let c(s) = s**3 + 6*s**2 + 3. Let k be c(-6). Let r be 2/(-8) + 34/8. Suppose k + 13 = r*m. List the prime factors of m.
2
Let j = 33 - -13. What are the prime factors of j?
2, 23
Let o be (-8)/((-72)/69 + 1). Suppose 4*v = 4*w + o, -4*v - w + 3*w + 182 = 0. List the prime factors of v.
3, 5
Suppose -3*j + 2*u = 17, -2*j = -0*u + 5*u + 5. Let v = j + 14. Suppose 0 = -4*d + v*d - 80. List the prime factors of d.
2
Let s(h) = 3*h - 5*h - 5*h + 5*h. Let o be s(-3). Let w = 12 - o. What are the prime factors of w?
2, 3
Let y(u) be the first derivative of u**2/2 + 9*u + 3. What are the prime factors of y(11)?
2, 5
Let i(c) = c**3 - 3*c**2 - 5*c. Let u be i(4). Let n be (-299)/7 + 14/(-49). List the prime factors of 3/12 + n/u.
11
List the prime factors of ((-20)/3)/((-2)/3).
2, 5
Let r(k) = 3*k**2 - 14*k. List the prime factors of r(8).
2, 5
Suppose 0 = 5*l - 3*u + 7*u - 240, 5 = -u. What are the prime factors of l?
2, 13
Let p(c) = -c**3 + 9*c**2 + 8*c + 5. List the prime factors of p(9).
7, 11
Let x be 8/(-1) - (1 + -3). Let c(j) = -2*j - 1. What are the prime factors of c(x)?
11
Suppose -3*p = -8*p + 5. Let t be 14*(-3 + (-46)/(-14)). Suppose t = y - p. What are the prime factors of y?
5
Suppose 2*p + 1 = 9. Let j be 0 - 0*1/2. Suppose -n = -y - 7, j*n - p*y - 21 = -3*n. List the prime factors of n.
7
What are the prime factors of (-1)/(-5) - 27/(-15)?
2
Let y = -2 - -5. Suppose -y*b - 10 = -8*b. List the prime factors of b.
2
Suppose -5*f - 10 = -5. What are the prime factors of 3/12*f*-124?
31
Suppose -3*i + q = -17 + 4, 3*i = -3*q + 33. List the prime factors of i.
2, 3
Let q(l) = 5*l - 31. List the